git of g?
5
Let o(q) = -q - 4. Suppose 0*f + 21 = -4*f + 3*v, -24 = 4*f - 4*v. Let r be o(f). What is the units digit of (2 + r)/(1/3)?
3
Let k(y) = -y**2 - 5*y + 4. Let w be (-38)/(-8) - (-2)/8. Let x = w + -8. What is the tens digit of k(x)?
1
Suppose -5*l + 0 = -15. Let m(c) = -19 + 6*c + 19 - c. What is the units digit of m(l)?
5
Suppose 0 = 2*i - 1 - 35. What is the tens digit of i?
1
Suppose -j = -0*j + 12. Let q = -4 - j. What is the units digit of q?
8
Let x = -15 + 19. What is the units digit of x?
4
Let s = 41 + -26. Suppose -s = 3*c - 0*c. What is the units digit of ((-2)/c)/((-1)/(-15))?
6
Suppose 2*y - 3 = 1. Suppose -h + 3*h - 4*l = 10, 4*h - 2*l - y = 0. What is the units digit of h - (-63)/3 - 2?
8
Let m = 137 - 4. Suppose 3*v - m = 2*w + 2*w, 0 = 3*v - 3*w - 138. What is the tens digit of v?
5
Let g = 1 - 1. Suppose g = -4*r + 22 - 2. What is the units digit of r + -1*(1 + 0)?
4
Let p(j) = 4*j - 7. Let k(s) = -8*s + 15. Let x(u) = 6*k(u) + 13*p(u). Let d be (-48)/(-30) - 2/(-5). What is the units digit of x(d)?
7
Let o = 66 + 7. What is the units digit of o?
3
What is the tens digit of 11*((2 - 3) + 4)?
3
What is the tens digit of ((-2*1)/8)/(56/(-16352))?
7
Suppose 24 = 3*t + 6. Suppose -o + t*o = 95. What is the units digit of o?
9
Let h(m) = m - 2. Let q be h(4). Suppose q*i = i. Suppose -k = 4*y + 4, 31 = -i*k + 2*k - 5*y. What is the units digit of k?
8
Let k = 2 + -2. Let t = k + 1. Suppose -t = -o + 3. What is the units digit of o?
4
Suppose 2*k = -2*k - 28. Let g(p) be the third derivative of -p**6/120 - 2*p**5/15 - 3*p**4/8 - 5*p**3/3 + 2*p**2. What is the units digit of g(k)?
4
What is the tens digit of (-40 - -4)/(3 - 5)?
1
Let m(h) = h**3 + 5*h**2 + h + 1. Let i be (-1 - -3)/((-2)/4). What is the tens digit of m(i)?
1
Let v = 15 + 0. What is the units digit of v?
5
Let y be (-2 - 1)/(2/(-6)). Suppose 0 = 5*h - 4*d - 41, -h + 3*d - 3 = -y. Suppose -3*l - h = 4*a, 3*l + 4*a + a + 12 = 0. What is the units digit of l?
1
Let s be 2/6 - 22/(-6). Suppose 10 = -3*y + s*a, -3*y = 5*a - 9 - 17. What is the units digit of y?
2
Let r(h) = h**3 - 5*h**2 + 7*h - 4. Let d be r(4). Suppose -3*n - d = -29. What is the units digit of n?
7
Let j = -5 - -10. Let b(g) = -g + 6. What is the units digit of b(j)?
1
Suppose 3*x = 220 - 28. What is the units digit of x?
4
Let x be (-10)/(-4) - (-1)/(-2). Suppose g = 2*g + 5, 5*h + x*g = -5. Suppose 0 = -k - h + 8. What is the units digit of k?
7
Let x(g) = -g - 10. Let d be x(-12). Let y = 4 + -6. What is the units digit of d + (-2)/(4 + y)?
1
Let b(c) = 13*c**2 + c + 1. What is the tens digit of b(-1)?
1
Suppose -13*u = -14*u + 57. What is the tens digit of u?
5
What is the units digit of 2/10 + 409/5?
2
Let v(p) = -11*p + 4. Suppose -10 = 5*s - 5*x, s = -2*s - 2*x + 19. Let j be v(s). Let z = -16 - j. What is the tens digit of z?
1
Suppose c = 2*n - 11, -n = 4*c + 1 + 7. Suppose -4 = t, n = -s - 2*t + 5. What is the units digit of s?
9
Let q = 3 + 4. Suppose q + 5 = 4*b. What is the units digit of 6*(b/(-3))/(-3)?
2
Let a(f) be the first derivative of f**2/2 - 5*f - 2. What is the units digit of a(13)?
8
Suppose 6*w - 4*w - 272 = 0. What is the units digit of ((-42)/(-28))/(6/w)?
4
Let w = 25 + -52. Let i be 2/(-3)*w/6. Suppose 9 = -0*c + i*c. What is the units digit of c?
3
Suppose 0 = 5*v - 28 + 8. Let y be v/6*(-2 - -5). Suppose -u + 2 = -y. What is the units digit of u?
4
What is the units digit of (40/32)/((-4)/(-976))?
5
Suppose 2*u = 3*u - 20. Let i be (-12)/u - 4/10. Let y = i + 7. What is the units digit of y?
6
Let o(d) = -d**3 - 3*d**2 + 3*d. Let b be o(-4). Suppose b*n + 5*y + 10 = 106, 2*n - 30 = 2*y. Suppose -3 + n = 4*v. What is the units digit of v?
4
Let y(t) = 7*t - 14. What is the units digit of y(10)?
6
Let s = 105 - 65. What is the units digit of s?
0
Let r(m) = -m**2 - 3*m - 2. Let g(d) = d**2 + 3*d + 2 + 2 - 1. Let h(p) = 3*g(p) + 2*r(p). What is the units digit of h(-4)?
9
Let d be 2/(2*(-1)/(-4)). Suppose 3*j - 35 = -2*j + m, -d*m - 14 = -2*j. What is the units digit of j?
7
Let s = -9 + 15. Let a = -24 + s. Let z = 25 + a. What is the units digit of z?
7
Suppose -11*q = -8*q - 69. What is the tens digit of q?
2
Let d = 4 + 0. Suppose 0*y = -u + 2*y + d, u - 3*y - 3 = 0. What is the units digit of u?
6
Suppose -2*t = -4*z + t + 51, 4*t + 4 = 0. Suppose -20*r + 19*r = -z. What is the units digit of r?
2
Let p(s) = -s - 9. Let q be p(-6). What is the units digit of (-2 + -4)/(-3) - q?
5
Let h be (4/2 + -5)*-2. Suppose h*w = w. What is the units digit of (-1)/1 + 7 - w?
6
Suppose -26 = 5*k + 2*g + 49, -2*k + 5*g - 1 = 0. Let f be (-8)/28 + (-61)/7. Let x = f - k. What is the units digit of x?
4
Suppose 2*c + 41 + 53 = 5*z, c - 23 = -z. What is the tens digit of z?
2
Let m = -41 + 72. What is the tens digit of m?
3
Let z = 425 - 173. What is the hundreds digit of z?
2
Let k be 2/4 - 50/4. Let y = 5 - 3. What is the units digit of y/(3/k*-2)?
4
Suppose 3 = -2*l - 1. Let z = -2 - l. Suppose 4*m + 5*a = z, a + 21 = 3*m + 2. What is the units digit of m?
5
Let a(b) = -b**3 + 14*b**2 + b - 14. Let z be a(14). Suppose z*y - 4*y = -40. What is the tens digit of y?
1
Let g = -61 - -209. What is the units digit of g?
8
Let p(b) = 7*b + 4. Let u be p(4). Suppose 4*f + 100 = u. Let n = -9 - f. What is the units digit of n?
8
Suppose -5*t = i - 0 + 7, -i + 4*t = -11. Let x = i + 17. What is the units digit of x?
0
Suppose 2*m = -3*x + 18, -2 - 12 = -5*x + 2*m. Suppose -3*s + 5*u = -6*s + 23, -u = -x*s. What is the units digit of s?
1
Suppose 0*s = -s + 4. Suppose -s*w - 5*l - 5 + 1 = 0, 4 = -l. What is the units digit of (-18)/(-8)*(w - 0)?
9
Suppose 3*p - 4*b - 95 = -29, -4*p = b - 107. What is the units digit of p?
6
Let n(l) = 9*l**3 - l**2 + l. Suppose 10 = o - 3*c, -3*o - 9 = 6*c - 2*c. Let t be n(o). What is the units digit of t/(-6)*-2 + 3?
6
Let o = -66 - -114. Suppose -15 = 3*x - o. What is the units digit of x?
1
Suppose c + c + 525 = 5*p, 296 = 3*p - 5*c. What is the units digit of p?
7
Let x be (-6)/9 - 276/(-9). Suppose -i + a + x = 2, 0 = -3*i + a + 82. What is the tens digit of i?
2
Let t(r) = -r**2 - 6*r - 4. Let m be t(-6). What is the tens digit of -11*(-16)/(m - -8)?
4
Suppose -2 - 4 = -w. Suppose -w = -i - b, 2*b - 4 - 6 = 0. What is the units digit of i?
1
Let z(u) = -u**3 - 8*u**2 + 4*u - 10. What is the tens digit of z(-9)?
3
Suppose -52 - 170 = -2*x. What is the hundreds digit of x?
1
Let m(w) = -w**2 + 3*w + 5. Let a be m(5). Let i = a - -10. What is the units digit of (-2)/10 - (-41)/i?
8
Let p be 23*-2*(-1)/2. Suppose -p = -u - 6. What is the units digit of u?
7
Let u(f) be the third derivative of -f**4/8 - f**3/6 - f**2. Let v be u(-2). Suppose -v*i - 3 + 23 = 0. What is the units digit of i?
4
Suppose p = 6*p + 10. Let r = p - -4. What is the units digit of r/(-4) + 9/2?
4
Let g = -18 + 9. Let l = -7 - g. Suppose 2*o + 9 = u + 3*o, 3*u + l*o = 32. What is the units digit of u?
4
Let d = 4 - 7. Let x = d - -5. What is the units digit of ((-20)/6)/(x/(-3))?
5
Suppose 6*f - 2*f - 4 = 3*g, -2*g = 2*f + 26. Let q = -6 - g. Suppose 3*j = -q*j + 35. What is the units digit of j?
7
Suppose -2*g - 3*n = -0*g + 6, -2*g = -4*n - 8. Suppose -2 = -m - g*m. What is the units digit of m?
2
Let s = 45 - 26. Suppose 2*x = b + 6*x + s, -3*b = -4*x + 41. What is the tens digit of 77/5 - (-6)/b?
1
Suppose -5*p = -3*p + 12. Let k be (0 - 1) + 2/2. Let b = k - p. What is the units digit of b?
6
What is the tens digit of (12/15)/((-6)/(-75))?
1
Let r(g) = -g**2 - 11*g - 6. Let p be r(-10). Suppose 0 = 3*j - p*j + 12. What is the units digit of j?
2
Let f(b) = 5*b + b**3 + 0*b**3 - 5*b**2 - 2*b + 1. Let m be f(5). What is the units digit of m/10 + (-4)/(-10)?
2
Let m(v) = -2*v**3 - 4*v**2 - v - 19. What is the tens digit of m(-4)?
4
Suppose -5*c + 5*w + 1620 = 0, 4*c - w - 234 = 1053. What is the hundreds digit of c?
3
Let t = 25 - 18. What is the units digit of (4 - t - -4) + 2?
3
Let i = -18 + 46. Suppose 4 = -3*d + i. What is the units digit of d?
8
Let t be 33*3/(-9)*-1. Let i = -7 + t. What is the units digit of i?
4
What is the units digit of (-6)/9*(4 - 7)?
2
Suppose -4*t + 110 - 2 = 0. What is the tens digit of t?
2
Suppose -4*v - 6*p + 185 = -7*p, -4*p = 3*v -